5 divide 819850?
True
Is 33 a factor of 368676?
True
Does 34 divide 20927?
False
Does 16 divide 313893?
False
Does 19 divide 109480?
False
Is 491337 a multiple of 213?
False
Is 52266 a multiple of 3?
True
Is 107 a factor of 41944?
True
Is 656614 a multiple of 141?
False
Is 11 a factor of 23175?
False
Is 65 a factor of 15768?
False
Is 6009780 a multiple of 42?
True
Is 15 a factor of 1698439?
False
Does 49 divide 85524?
False
Does 41 divide 2050123?
True
Does 8 divide 128965?
False
Does 11 divide 774620?
True
Is 2872122 a multiple of 442?
False
Does 1106 divide 9427544?
True
Is 86 a factor of 707020?
False
Is 2866910 a multiple of 158?
True
Is 393660 a multiple of 5?
True
Is 2 a factor of 181682?
True
Is 28377 a multiple of 2?
False
Does 207 divide 186093?
True
Is 32 a factor of 10127648?
True
Is 142 a factor of 2381524?
False
Is 58 a factor of 550056?
False
Is 248964 a multiple of 119?
False
Is 105721 a multiple of 12?
False
Does 96 divide 19347?
False
Is 5 a factor of 51098?
False
Does 75 divide 149025?
True
Is 6745500 a multiple of 125?
True
Is 5 a factor of 13557945?
True
Does 253 divide 1291312?
True
Is 16374085 a multiple of 689?
True
Does 47 divide 223015?
True
Is 9 a factor of 2152548?
True
Is 16538 a multiple of 3?
False
Is 6526 a multiple of 20?
False
Is 10152 a multiple of 18?
True
Does 16 divide 8394?
False
Is 163756 a multiple of 411?
False
Is 61374 a multiple of 14?
False
Is 1363668 a multiple of 76?
True
Is 26 a factor of 480752?
False
Does 32 divide 205743?
False
Is 30 a factor of 4493?
False
Does 37 divide 1115139?
False
Does 5 divide 80210?
True
Does 3 divide 95135?
False
Does 60 divide 80739?
False
Is 3411159 a multiple of 29?
False
Is 5548 a multiple of 146?
True
Does 20 divide 35740?
True
Is 10534 a multiple of 2?
True
Is 1109867 a multiple of 20?
False
Does 4 divide 44689?
False
Is 1762635 a multiple of 22?
False
Does 24 divide 3055145?
False
Does 359 divide 15297635?
False
Is 4071158 a multiple of 5?
False
Is 6158790 a multiple of 110?
True
Does 15 divide 1805190?
True
Is 20554 a multiple of 194?
False
Is 55656 a multiple of 18?
True
Does 141 divide 79894?
False
Does 15 divide 2245484?
False
Is 30 a factor of 360810?
True
Does 51 divide 1346857?
False
Is 74 a factor of 304066?
True
Does 348 divide 323988?
True
Is 3 a factor of 17889?
True
Does 19 divide 146927?
True
Is 5068 a multiple of 14?
True
Is 4 a factor of 2409537?
False
Is 682384 a multiple of 160?
False
Is 422990 a multiple of 3?
False
Does 686 divide 6057718?
False
Does 919 divide 2209276?
True
Is 10 a factor of 1732744?
False
Is 16 a factor of 612007?
False
Is 48441 a multiple of 67?
True
Is 5234887 a multiple of 688?
False
Is 41 a factor of 655057?
True
Does 10 divide 4975030?
True
Does 217 divide 507851?
False
Is 973104 a multiple of 228?
True
Does 85 divide 1351888?
False
Does 17 divide 7490736?
False
Is 17 a factor of 26248?
True
Is 15 a factor of 7455135?
True
Is 1299013 a multiple of 1177?
False
Is 27 a factor of 387908?
False
Is 477 a factor of 1800400?
False
Does 25 divide 8507775?
True
Does 453 divide 155832?
True
Is 15 a factor of 2425436?
False
Is 333501 a multiple of 21?
True
Is 4955772 a multiple of 68?
True
Is 302 a factor of 625684?
False
Does 11 divide 1639?
True
Is 176 a factor of 281776?
True
Does 10 divide 29492?
False
Is 179 a factor of 2616947?
False
Is 10220040 a multiple of 873?
False
Is 465 a factor of 4421005?
False
Does 3 divide 196492?
False
Is 11843647 a multiple of 65?
False
Does 25 divide 1156734?
False
Is 346 a factor of 167810?
True
Does 2 divide 13453?
False
Does 435 divide 752359?
False
Is 561654 a multiple of 18?
True
Is 2780709 a multiple of 1124?
False
Does 103 divide 98359?
False
Is 287860 a multiple of 12?
False
Is 25950 a multiple of 150?
True
Is 18225579 a multiple of 20?
False
Does 46 divide 410496?
False
Is 1199503 a multiple of 73?
False
Does 3 divide 607451?
False
Is 4060750 a multiple of 125?
True
Does 20 divide 5070020?
True
Is 9 a factor of 9038034?
True
Is 107 a factor of 1301495?
False
Is 93749 a multiple of 241?
True
Is 110313 a multiple of 3?
True
Does 107 divide 74478?
False
Does 4 divide 8539?
False
Is 988608 a multiple of 114?
True
Does 4 divide 596099?
False
Is 181 a factor of 1211795?
True
Is 281 a factor of 1900684?
True
Is 234416 a multiple of 14?
True
Is 88 a factor of 7977464?
True
Is 10 a factor of 380541?
False
Does 396 divide 1454904?
True
Does 160 divide 3797059?
False
Is 13 a factor of 150657?
True
Does 15 divide 105495?
True
Is 191355 a multiple of 412?
False
Does 90 divide 33559?
False
Is 10491615 a multiple of 265?
True
Is 661872 a multiple of 8?
True
Is 525574 a multiple of 173?
True
Is 32059 a multiple of 13?
False
Is 189 a factor of 5083067?
False
Is 38147 a multiple of 5?
False
Is 218680 a multiple of 28?
True
Is 158130 a multiple of 10?
True
Is 11 a factor of 1212346?
False
Is 6053220 a multiple of 5?
True
Is 75 a factor of 10784907?
False
Is 60 a factor of 756649?
False
Does 3 divide 108005?
False
Does 7 divide 3701950?
True
Is 8735180 a multiple of 17?
False
Is 78 a factor of 39000?
True
Does 17 divide 89471?
True
Is 46 a factor of 742627?
False
Is 10997181 a multiple of 57?
True
Is 11 a factor of 186428?
True
Is 3699546 a multiple of 953?
True
Does 263 divide 436578?
False
Is 400 a factor of 63200?
True
Is 99863 a multiple of 15?
False
Does 19 divide 6140742?
False
Is 185 a factor of 63085?
True
Does 43 divide 4446329?
True
Does 27 divide 78246?
True
Is 56250 a multiple of 250?
True
Is 12 a factor of 456624?
True
Does 19 divide 8740?
True
Is 102 a factor of 5232498?
True
Does 8 divide 16112752?
True
Is 249948 a multiple of 10?
False
Is 1291 a factor of 1394280?
True
Is 247260 a multiple of 20?
True
Is 25 a factor of 10787025?
True
Is 2938387 a multiple of 192?
False
Does 14 divide 1454834?
False
Is 1498053 a multiple of 29?
True
Is 339 a factor of 727155?
True
Is 290793 a multiple of 67?
False
Is 1260387 a multiple of 10?
False
Is 235 a factor of 1507554?
False
Does 28 divide 313796?
True
Is 943696 a multiple of 349?
True
Is 1715850 a multiple of 123?
True
Is 61 a factor of 506178?
True
Is 13 a factor of 1159236?
True
Is 172291 a multiple of 108?
False
Is 8688193 a multiple of 66?
False
Is 176904 a multiple of 26?
True
Is 19 a factor of 97097?
False
Is 1893456 a multiple of 12?
True
Is 34 a factor of 306544?
True
Is 127352 a multiple of 5?
False
Is 1199 a factor of 1338084?
True
Is 66 a factor of 1286800?
False
Is 617 a factor of 17251746?
False
Is 535 even?
False
Is 41 a factor of 17225?
False
Is 24894633 a multiple of 281?
True
Is 107 a factor of 241606?
True
Is 575550 a multiple of 5?
True
Is 4483050 a multiple of 285?
True
Is 1312277 a multiple of 12?
False
Is 72545 a multiple of 3?
False
Does 86 divide 101836?
False
Is 7 a factor of 42574?
True
Does 8 divide 809716?
False
Is 20 a factor of 294440?
True
Is 663716 a multiple of 2?
True
Is 1120440 a multiple of 10?
True
Is 44 a factor of 638660?
True
Is 42 a factor of 1129958?
False
Is 2852370 a multiple of 33?
False
Does 52 divide 2925520?
True
Is 88 a factor of 185074?
False
Is 552790 a multiple of 298?
True
Does 5 divide 46333?
False
Is 1795472 a multiple of 82?
True
Is 9 a factor of 10457451?
True
Is 5504072 a multiple of 13?
False
Does 4 divide 92319?
False
Is 114361 a multiple of 13?
True
Is 22 a factor of 20922?
True
Is 115 a factor of 4551879?
False
Does 105 divide 409290?
True
Is 6443910 a multiple of 283?
True
Does 239 divide 2612044?
False
Is 210 a factor of 65249?
False
Is 2 a factor of 364999?
False
Is 38 a factor of 1486138?
False
Is 15743970 a multiple of 45?
True
Is 125531 a multiple of 79?
True
Is 25112 a multiple of 2?
True
Does 9 divide 81783?
True
Is 67969 a multiple of 407?
True
Is 20 a factor of 37774?
False
Is 3 a factor of 18197?
False
Is 150 a factor of 5961758?
False
Is 10 a factor of 24657120?
True
Is 126192 a multiple of 11?
True
Does 48 divide 1951056?
True
Is 316 a factor of 53088?
True
Is 219897 a multiple of 53?
True
Is 107 a factor of 1987525?
True
Does 10 divide 54967?
False
Is 129 a factor of 8307266?
False
Is 206517 a multiple of 23?
True
Does 209 divide 45353?
True
Is 24628 a multiple of 4?
True
Does 665 divide 293930?
True
Is 56229 a multiple of 35?
False
Is 79 a factor of 2946226?
True
Is 22